 - n + 0*n - 5*n + 5*n. Let j be k(23). Let t(q) = q + 34. What is t(j)?
34
Let v(q) = -27 + 19 + 14 - 3*q - 7*q**2 - q**3. Let h be ((-12)/(-15))/(-2 - 28/(-15)). Calculate v(h).
-12
Let p(u) = u**3 + 33*u**2 - 68*u - 1156. Let b be p(-34). Let a(n) = 4*n + 9. Let g(x) = -5*x - 8. Let w(r) = -6*a(r) - 5*g(r). What is w(b)?
-14
Let b be -2 + (-13 - -1)/2. Suppose -c = -11 + 10. Let d(s) = -2 + s**2 + 0*s**2 + 2 - c + 8*s. Give d(b).
-1
Let y be (3 + (-294)/63)/((-5)/3). Let l(d) = 33*d - 6. Calculate l(y).
27
Let a(k) = -4*k**2 + 13*k - 25. Let d(x) = -3*x**2 + 12*x - 22. Let s(r) = -2*a(r) + 3*d(r). Suppose 0 = -5*t + 12 + 28. What is s(t)?
0
Suppose 0 = -3*b + b - 9 - 3. Let d(l) = 3*l + 27. What is d(b)?
9
Suppose -11 = -m - d, 2*d - 10 = -10*m + 20. Let x(z) = 14*z + 4. Let a(j) = 13*j + 5. Let n(y) = 3*a(y) - 4*x(y). Give n(m).
-18
Let d(u) = -u**2 + 14*u - 5. Suppose -t + 9 = o, 0 = -619*o + 618*o + 3*t + 33. Give d(o).
-20
Let y(p) = -59139*p + 29575*p + 29581*p + 103. What is y(-6)?
1
Let x(t) = t**3 - 6*t**2 + 9*t - 10. Let d be (-222)/(-48) + (-63)/(-168). What is x(d)?
10
Let a(w) = w + 6. Let u = 166 + -161. Suppose -4*k + 3*k - 13 = -4*q, -u*k = -5*q + 50. Determine a(k).
-3
Let l(a) be the first derivative of 11/2*a**2 + 53 - a. Let x(k) = -k**2 - k - 1. Let q be x(-1). What is l(q)?
-12
Let c(q) = -q**3 + 3*q**2 + 4*q + 4. Suppose 22 = 2*z + 2. Let u be (2 - z)*5/10. Let t be 5 + u - (1 - 4). Determine c(t).
4
Let d(i) be the first derivative of i**4/4 - i**3/3 - 5*i**2 - 3*i + 2614. Determine d(-5).
-103
Let p(t) be the third derivative of t**5/10 + t**4/4 - 4*t**3/3 + 55*t**2. What is p(2)?
28
Let g(r) = -r**3 + 2*r**2 + 4*r - 8. Suppose -16 + 126 = 55*v. Calculate g(v).
0
Suppose -9 = j + 2*z, 3*j = 5*j + z + 30. Let l = j + 15. Let u(g) = 4*g + 3. Give u(l).
-5
Suppose -23*i = -31*i - 2488. Let n = i - -303. Let a(j) = -j**2 - 3*j - 6. Give a(n).
-46
Suppose 0 = -16*l - 0*l + 10*l - 48. Let w(u) = -u**3 - 7*u**2 + 6*u + 1. What is w(l)?
17
Let u(o) = -2*o**3 - 5*o**2 - 4*o + 1. Let w be -6*9/135*(5 - 0). Let v(n) = 10*n + 17. Let z be v(w). Calculate u(z).
22
Let k(x) = -3*x**2 + 14*x + 2. Let g(l) = 4*l**2 - 15*l - 3. Let m(n) = 2*g(n) + 3*k(n). Let y(z) = z**2 - 434*z + 22139. Let i be y(59). Give m(i).
-28
Let f(c) be the first derivative of 7*c**2/2 + 29*c - 13. Let r be f(-10). Let d = -36 - r. Let h(z) = -z**3 + 5*z**2 + 3. Calculate h(d).
3
Let p = 11427 - 11421. Let t(f) = -3*f**2 + 28*f - 7. Give t(p).
53
Let o(g) = -1 - 11*g + 5*g + 4*g - 7*g**2. Let b(l) = l**3 + 9*l**2 + 8*l + 4. Let v be b(-8). Suppose -17*r + v = -21*r. What is o(r)?
-6
Let d(c) = -c**3 + 6*c**2 + 8*c - 9. Let q(n) = -n**2 + 15*n + 33. Let v be q(17). Suppose j - 8 = 2*k, -j - 2*k = -3*k - 8. Let i = v + j. Determine d(i).
-2
Let q(l) = 2*l**3 + l**2 - 20. Let s be (-31 - -31)/(3 + -1). Determine q(s).
-20
Let w be 2/5*(-3544480)/(-64). Let p(r) = -6*r - 22168 + 2*r + w. Calculate p(-6).
9
Let b(i) = -i**2 - 9*i - 9. Let g be b(-8). Let x(q) be the first derivative of -23 + 0*q**2 - 9/4*q**4 + 0*q**3 - q. Calculate x(g).
8
Let o(z) = 2*z. Let m = 50 - 14. Suppose -5*w + 3*w = m. Let j = -16 - w. Calculate o(j).
4
Suppose 4 = -4*f + 8*y - 12*y, -3*f = -4*y + 10. Let j(k) = 10*k**3 + 3*k**2. What is j(f)?
-68
Let l(d) be the third derivative of -d**4/8 - 27*d**2 - 2. Let n be 1 + 15/(-5) + -1. Calculate l(n).
9
Let c(m) be the second derivative of m**2 + 1/6*m**4 + 143*m - 3/20*m**5 + 0 + 1/6*m**3. Determine c(2).
-12
Suppose 4*s = -462 + 1786. Let k = s + -321. Let i(g) = -g**3 + 9*g**2 + 10*g + 4. Give i(k).
4
Let i(m) = m**3 - 10*m**2 - 47*m - 4. Let a(j) = -3*j**3 + 31*j**2 + 148*j + 13. Let k(z) = -6*a(z) - 19*i(z). What is k(6)?
-44
Let p(n) = n**3 - 5*n**2 - 6*n + 4. Suppose 13 = 8*z - 3. Suppose 2*m = -z*m + 2*h + 338, 5*h = -5*m + 445. Let o = m + -80. Determine p(o).
4
Suppose g + 11 = -l + 31, 5*g - 3*l = 68. Suppose -2*b + 2*a - g = -24, 0 = 3*a - 12. Let r(f) = f**3 - 7*f**2 - 8*f + 2. What is r(b)?
2
Let d(p) = 1165 - 2*p - p - 2344 - 4*p + p**2 + 1165. Calculate d(8).
-6
Let w(a) = -19*a**2 - 896*a - 143. Let o be w(-47). Let p(l) = -16*l**3 + l**2 - 9*l - 10. Let r(b) = 5*b**3 + 3*b + 3. Let h(s) = -2*p(s) - 7*r(s). Give h(o).
21
Let j(c) = 1 + 2*c - c**3 + c + 39*c**2 + 35*c**2 + 42*c**2 - 118*c**2. Let g = 8 - 3. Suppose 2*w + g*w = -21. Calculate j(w).
1
Let n(p) = p**3 - 2*p**2 - 8*p - 6. Let y be n(-1). Let x(t) = -t**2. Let k(d) = 4*d**2 - 2*d. Let j(c) = y*k(c) - 2*x(c). Determine j(2).
-4
Let i = 14419 - 7127. Let l(x) = 3644*x**2 - i*x**2 - 4 + 2*x + 3649*x**2. What is l(4)?
20
Let q = -5752 + 5735. Let v(w) = -w - 36. What is v(q)?
-19
Let o(t) be the first derivative of -1/4*t**4 - 4*t**3 - 87 - 15*t + 13/2*t**2. Give o(-13).
-15
Let y(d) = d**3 - 4*d**2 - 3*d + 4. Let t(q) = -20*q**2 - 13*q + 11. Let g be t(3). Let h = g - -212. Determine y(h).
-8
Suppose 28*z - 83*z = -35*z - 40. Let m(o) be the first derivative of -12 + 0*o - 1/2*o**z - 11/3*o**3. What is m(1)?
-12
Let b(o) = o**2 + 4*o + 6. Let i = 13856 - 13856. Determine b(i).
6
Let q(k) = -5*k - 26. Let u(w) = 2*w + 9. Suppose 6*a - 10 = 2. Suppose -a*r - 30 = -7*r. Let b(m) = r*q(m) + 17*u(m). Determine b(2).
5
Let o(u) be the first derivative of -8*u + 1/2*u**2 + 19. Suppose 0 = 5*k + q - 38, 3*k = -q + 23 + 1. Give o(k).
-1
Let c(j) = 3*j - 1. Suppose 16 = 9*k - 119. Suppose -g + k = 5*l, 2*l + g = 2 + 7. Give c(l).
5
Suppose -4*w - 5*k + 45 = 4, -w - 2*k + 14 = 0. Let x be 36/28 - w/14. Let g(v) = -13*v + 22*v + 1 - 4*v - 6*v - 2*v. Give g(x).
-2
Let a(g) be the second derivative of -7*g**3/3 + g**2/2 + 2*g. Suppose -671*r + 665*r = 6. What is a(r)?
15
Let s(h) = h**3 + 3*h**2 + h - 4. Suppose 0 = 19*c - 25*c + 390. Let l(b) = -b**2 - 3*b + 40. Let z be l(9). Let d = c + z. Determine s(d).
-7
Let h(f) = 31*f**3 + 5*f + 30. Let u(x) = 28*x**3 - x**2 + 5*x + 28. Let d(l) = 9*h(l) - 10*u(l). Calculate d(10).
-60
Let p be ((-10)/(-35))/(112/364*(-1)/14). Let k(b) be the third derivative of -b**5/60 - 13*b**4/24 + 3*b**3 + b**2. Give k(p).
18
Let o(c) = 3*c + 1724*c**2 - c - 1725*c**2. Let y be 0/(-17) + -2 + 7. Give o(y).
-15
Let h(u) = 3*u**2 + 24*u + 1. Let g(r) = 11*r**2 + 84*r + 2. Let l(s) = -2*g(s) + 7*h(s). Determine l(-2).
-1
Suppose t = -3*f + 15, -f = -11 + 7. Let q(z) = -604*z**3 + 297*z**3 - 4 + 306*z**t - 6*z**2 - 4*z. Give q(-5).
-9
Let c(f) = f**2 - 2*f - 79. Let n = 2136 + -2127. Give c(n).
-16
Let f(u) = -22*u**3 + 21*u**3 - 19*u**2 + 10 + 0*u + 6*u**2 + 23*u**2 + 10*u. Calculate f(11).
-1
Let s(a) be the first derivative of 68*a**3/3 - a**2/2 + 623. Determine s(-1).
69
Let t(q) = -68*q**3 - 265*q**2 + 13*q - 238. Let b(n) = -15*n**3 - 66*n**2 + 3*n - 60. Let s(u) = -9*b(u) + 2*t(u). Calculate s(64).
0
Let b(x) = -12 + 42*x**2 - 11*x**2 - 9*x**2 - 10*x**2 - 13*x**2. What is b(7)?
-61
Let g be ((-137)/3)/((-4)/12). Let x = g + -135. Let h be (10 - x)/(2 + 1 - 5). Let r(b) = b**2 + 2*b - 3. Calculate r(h).
5
Let g be (-2)/12 + 52/24 + (-5 - -7). Let m(n) = n**3 - 5*n**2 + 5*n + 2. Calculate m(g).
6
Let n(k) = 3*k**3 + 7*k**2 - 14*k - 38. Let i be n(-6). Let s = -350 - i. Let o(y) = y**3 - y**2 + y - 7. Calculate o(s).
-7
Let p(o) = 5*o**2 - 7*o + 10. Let t(j) = 4*j**2 - 6*j + 8. Let b(g) = 2*p(g) - 3*t(g). Give b(-3).
-34
Let n(v) = -261895*v - 104 - v**2 + 523838*v - 261912*v. What is n(26)?
26
Let u(w) = 11*w + 36. Let t(c) = -7*c - 24. Suppose 0 = -5*k - 3*k + 64. Let h(b) = k*t(b) + 5*u(b). Give h(-6).
-6
Let b = 982 - 878. Let v = -105 + b. Let r(s) = -11*s**2 - s. Give r(v).
-10
Let w(j) = -12314*j**2 - 2*j - 2 - 2*j**3 - 12318*j**2 + 24630*j**2. Determine w(-2).
10
Suppose 36 = -l + 5*l. Suppose -l*v + 4*v - 20 = 0. Let c(k) = 2*k**2 - k - 2. Let g(j) = -j**3 - 16*j**2 + 9*j + 16. Let p(h) = 6*c(h) + g(h). Give p(v).
-8
Let m = -244 + 279. Let c(s) = 34*s + 1 - 60*s + 16*s + m*s. Calculate c(-1).
-24
Suppose 8*k - 4*k - 28 = 0. Suppose 11 = -m + k. Let x(u) = -u**2 - 4 - 10*u + 6*u - u - 1. Determine x(m).
-1
Let w(x) = -179*x - 631. Let o(n) = -56*n - 210. Let q(j) = 7*o(j) - 2*w(j). Determine q(-6).
-4
Let w be ((-96)/(-128))/(3/4). Let x(l) = 3*l + 5 + 4 + w. Calculate x(0).
10
Let q(s) = 24*s**3 + s. Let c be (-2 + 1)*((-1)/1 + 1). 